{"id":113,"date":"2014-01-27T17:32:05","date_gmt":"2014-01-27T15:32:05","guid":{"rendered":"http:\/\/localhost\/spdtl\/wordpress\/?page_id=113"},"modified":"2014-01-27T17:43:17","modified_gmt":"2014-01-27T15:43:17","slug":"impressum","status":"publish","type":"page","link":"https:\/\/www.spd-trier-land.de\/?page_id=113","title":{"rendered":"Impressum"},"content":{"rendered":"<p>Wenn Sie Kontakt zum SPD-Parteivorstand aufnehmen wollen,<\/p>\n<p>wenden Sie sich bitte telefonisch an das B\u00fcrgerb\u00fcro des SPD-Parteivorstandes unter<\/p>\n<p>Telefon: 030-25991-0<\/p>\n<p>oder schreiben Sie an:<\/p>\n<p><b>SPD Parteivorstand<\/b><br \/>\nB\u00fcrgerb\u00fcro<br \/>\nWilly-Brandt-Haus<br \/>\nWilhelmstra\u00dfe 141<br \/>\n10963 Berlin<\/p>\n<h4>Impressum<\/h4>\n<p>Dieses Internetangebot wird unterhalten von<\/p>\n<p>&nbsp;<\/p>\n<p><b>SPD Gemeindeverband Trier-Land<\/b><\/p>\n<p>vertreten durch den\u00a0Vorsitzenden<\/p>\n<p>Dominik Matter<br \/>\nIm Gemeindeberg 20, 54309 Newel<br \/>\nTelefon: Trier \/ 66691<br \/>\nE-Mail info\u00a0[at] spd-trier-land.de<\/p>\n<p>&nbsp;<\/p>\n<p>verantwortlich gem. \u00a7 6 MDStV:<\/p>\n<p>Dominik Matter (V.i.S.d.P.)<br \/>\nAdresse: siehe oben<\/p>\n<p>&nbsp;<\/p>\n<p><b>Haftungsausschluss:<\/b><\/p>\n<p>&nbsp;<\/p>\n<p>Der Inhaber dieser Seite \u00fcbernimmt keinerlei Gew\u00e4hr f\u00fcr die Aktualit\u00e4t, Korrektheit, Vollst\u00e4ndigkeit oder Qualit\u00e4t der bereitgestellten Informationen. Haftungsanspr\u00fcche gegen ihn, welche sich auf Sch\u00e4den materieller oder ideeller Art beziehen, die durch die Nutzung oder Nichtnutzung fehlerhafter oder unvollst\u00e4ndiger Informationen verursacht werden, sind grunds\u00e4tzlich ausgeschlossen, sofern seitens des Inhabers kein nachweislich vors\u00e4tzliches oder grob fahrl\u00e4ssiges Verhalten vorliegt.<\/p>\n<p>&nbsp;<\/p>\n<p>Bei direkten oder indirekten Verweisen auf fremde Internetseiten (\u201cLinks\u201c), die au\u00dferhalb des Verantwortungsbereichs des Betreibers liegen, k\u00e4me eine Haftung lediglich dann in Betracht, wenn der Inhaber dieser Seite von den Inhalten Kenntnis hat, und es ihm technisch m\u00f6glich und zumutbar w\u00e4re, die Nutzung im Falle rechtswidriger Inhalte zu verhindern.<\/p>\n<p>&nbsp;<\/p>\n<p>Der Inhaber dieser Seite erkl\u00e4rt hiermit ausdr\u00fccklich, dass zum Zeitpunkt der Linksetzung keine illegalen Inhalte auf den zu verlinkenden Seiten erkennbar waren. Auf die aktuelle und zuk\u00fcnftige Gestaltung, die Inhalte oder die Urheberschaft der verlinkten\/verkn\u00fcpften Seiten hat er keinerlei Einfluss. Deshalb distanziert er sich hiermit ausdr\u00fccklich von allen Inhalten verlinkter\/verkn\u00fcpfter Seiten, die nach der Linksetzung ver\u00e4ndert worden sind. Diese Feststellung gilt f\u00fcr alle innerhalb des eigenen Internetangebotes gesetzten Links und Verweise sowie f\u00fcr Fremdeintr\u00e4ge in vom Betreiber eingerichteten G\u00e4steb\u00fcchern, Diskussionsforen und Mailinglisten. F\u00fcr illegale, fehlerhafte oder unvollst\u00e4ndige Inhalte und insbesondere f\u00fcr Sch\u00e4den, die aus den Nutzungen oder Nichtnutzungen solcher angebotener Informationen entstehen, haftet allein der Anbieter der Seite, auf welche verwiesen wurde, nicht indes derjenige, der \u00fcber Links auf die jeweilige Ver\u00f6ffentlichung lediglich verweist.<\/p>\n<p>&nbsp;<\/p>\n<p>Sollten Teile oder einzelne Formulierungen des Haftungsausschlusses der geltenden Rechtslage nicht, nicht mehr oder nicht vollst\u00e4ndig entsprechen, bleiben die \u00fcbrigen Teile in ihrem Inhalt und ihre G\u00fcltigkeit davon unber\u00fchrt.\u00a0<\/p>\n<div>\n<div>\n<h1>Nutzungsbedingungen f\u00fcr Bilder<\/h1>\n<\/div>\n<h1>Bitte nehmen Sie folgende Hinweise zur Kenntnis:<\/h1>\n<ul>\n<li>Aus rechtlichen Gr\u00fcnden m\u00fcssen wir Sie darauf hinweisen, dass jedwede Nutzung der Bilder f\u00fcr redaktionelle Zwecke durch Personen, Organisationen und andere Vereinigungen au\u00dferhalb der SPD generell der vorherigen Genehmigung des SPD-Parteivorstands bedarf.<\/li>\n<li>Im Falle einer erfolgten Zustimmung durch den SPD-Parteivorstand bitten wir Sie, bei Nutzung der Bilder als Quelle die SPD oder den SPD-Parteivorstand anzugeben.<\/li>\n<li>Die Bearbeitung der Bilder darf nur im Rahmen der normalen Bildbearbeitung (Ausschnitte, Farbkorrekturen, technische Qualit\u00e4tsverbesserung) vorgenommen werden. Jede Tendenz fremder Verwendung und Verf\u00e4lschung von Text und Bild sowie Verwendung, die zur Herabw\u00fcrdigung von Personen und Inhalten f\u00fchrt, ist unzul\u00e4ssig.<\/li>\n<li>Ein Weiterverkauf des Bildmaterials an Dritte ist ausnahmslos untersagt.<\/li>\n<li>Falls Sie Probleme beim Betrachten der Bilder in Ihrem Browser haben sollten (<acronym>z.B.<\/acronym> Fehlermeldungen zum Zustand der Bilddatei), bitten wir Sie, die Datei direkt auf die Festplatte Ihres Computers zu speichern. Dazu einfach mit der Maus zur Bezeichnung &#8222;Download&#8220; unter das gew\u00fcnschte Bild gehen. Dann die rechte Maustaste klicken und mit &#8222;Speichern unter&#8220; die Datei herunterladen.<\/li>\n<\/ul>\n<p>Bei weiteren Fragen zur Bildernutzung wenden Sie sich bitte an mail[<acronym>at<\/acronym>]spd-trier-land.de<\/p>\n<\/div>\n","protected":false},"excerpt":{"rendered":"<p>Wenn Sie Kontakt zum SPD-Parteivorstand aufnehmen wollen, wenden Sie sich bitte telefonisch an das B\u00fcrgerb\u00fcro des SPD-Parteivorstandes unter Telefon: 030-25991-0 oder schreiben Sie an: SPD Parteivorstand B\u00fcrgerb\u00fcro Willy-Brandt-Haus Wilhelmstra\u00dfe 141 10963 Berlin Impressum Dieses Internetangebot wird unterhalten von &nbsp; SPD Gemeindeverband Trier-Land vertreten durch den\u00a0Vorsitzenden Dominik Matter Im Gemeindeberg 20, 54309 Newel Telefon: Trier \/ [&hellip;]<\/p>\n","protected":false},"author":1,"featured_media":0,"parent":0,"menu_order":0,"comment_status":"closed","ping_status":"closed","template":"template-full.php","meta":{"_mc_calendar":[],"footnotes":""},"class_list":["post-113","page","type-page","status-publish","hentry"],"_links":{"self":[{"href":"https:\/\/www.spd-trier-land.de\/index.php?rest_route=\/wp\/v2\/pages\/113","targetHints":{"allow":["GET"]}}],"collection":[{"href":"https:\/\/www.spd-trier-land.de\/index.php?rest_route=\/wp\/v2\/pages"}],"about":[{"href":"https:\/\/www.spd-trier-land.de\/index.php?rest_route=\/wp\/v2\/types\/page"}],"author":[{"embeddable":true,"href":"https:\/\/www.spd-trier-land.de\/index.php?rest_route=\/wp\/v2\/users\/1"}],"replies":[{"embeddable":true,"href":"https:\/\/www.spd-trier-land.de\/index.php?rest_route=%2Fwp%2Fv2%2Fcomments&post=113"}],"version-history":[{"count":1,"href":"https:\/\/www.spd-trier-land.de\/index.php?rest_route=\/wp\/v2\/pages\/113\/revisions"}],"predecessor-version":[{"id":115,"href":"https:\/\/www.spd-trier-land.de\/index.php?rest_route=\/wp\/v2\/pages\/113\/revisions\/115"}],"wp:attachment":[{"href":"https:\/\/www.spd-trier-land.de\/index.php?rest_route=%2Fwp%2Fv2%2Fmedia&parent=113"}],"curies":[{"name":"wp","href":"https:\/\/api.w.org\/{rel}","templated":true}]}}

<p>Wenn Sie Kontakt zum SPD-Parteivorstand aufnehmen wollen,</p>
<p>wenden Sie sich bitte telefonisch an das Bürgerbüro des SPD-Parteivorstandes unter</p>
<p>Telefon: 030-25991-0</p>
<p>oder schreiben Sie an:</p>
<p><b>SPD Parteivorstand</b><br />
Bürgerbüro<br />
Willy-Brandt-Haus<br />
Wilhelmstraße 141<br />
10963 Berlin</p>
<h4>Impressum</h4>
<p>Dieses Internetangebot wird unterhalten von</p>
<p>&nbsp;</p>
<p><b>SPD Gemeindeverband Trier-Land</b></p>
<p>vertreten durch den Vorsitzenden</p>
<p>Dominik Matter<br />
Im Gemeindeberg 20, 54309 Newel<br />
Telefon: Trier / 66691<br />
E-Mail info [at] spd-trier-land.de</p>
<p>&nbsp;</p>
<p>verantwortlich gem. § 6 MDStV:</p>
<p>Dominik Matter (V.i.S.d.P.)<br />
Adresse: siehe oben</p>
<p>&nbsp;</p>
<p><b>Haftungsausschluss:</b></p>
<p>&nbsp;</p>
<p>Der Inhaber dieser Seite übernimmt keinerlei Gewähr für die Aktualität, Korrektheit, Vollständigkeit oder Qualität der bereitgestellten Informationen. Haftungsansprüche gegen ihn, welche sich auf Schäden materieller oder ideeller Art beziehen, die durch die Nutzung oder Nichtnutzung fehlerhafter oder unvollständiger Informationen verursacht werden, sind grundsätzlich ausgeschlossen, sofern seitens des Inhabers kein nachweislich vorsätzliches oder grob fahrlässiges Verhalten vorliegt.</p>
<p>&nbsp;</p>
<p>Bei direkten oder indirekten Verweisen auf fremde Internetseiten (“Links“), die außerhalb des Verantwortungsbereichs des Betreibers liegen, käme eine Haftung lediglich dann in Betracht, wenn der Inhaber dieser Seite von den Inhalten Kenntnis hat, und es ihm technisch möglich und zumutbar wäre, die Nutzung im Falle rechtswidriger Inhalte zu verhindern.</p>
<p>&nbsp;</p>
<p>Der Inhaber dieser Seite erklärt hiermit ausdrücklich, dass zum Zeitpunkt der Linksetzung keine illegalen Inhalte auf den zu verlinkenden Seiten erkennbar waren. Auf die aktuelle und zukünftige Gestaltung, die Inhalte oder die Urheberschaft der verlinkten/verknüpften Seiten hat er keinerlei Einfluss. Deshalb distanziert er sich hiermit ausdrücklich von allen Inhalten verlinkter/verknüpfter Seiten, die nach der Linksetzung verändert worden sind. Diese Feststellung gilt für alle innerhalb des eigenen Internetangebotes gesetzten Links und Verweise sowie für Fremdeinträge in vom Betreiber eingerichteten Gästebüchern, Diskussionsforen und Mailinglisten. Für illegale, fehlerhafte oder unvollständige Inhalte und insbesondere für Schäden, die aus den Nutzungen oder Nichtnutzungen solcher angebotener Informationen entstehen, haftet allein der Anbieter der Seite, auf welche verwiesen wurde, nicht indes derjenige, der über Links auf die jeweilige Veröffentlichung lediglich verweist.</p>
<p>&nbsp;</p>
<p>Sollten Teile oder einzelne Formulierungen des Haftungsausschlusses der geltenden Rechtslage nicht, nicht mehr oder nicht vollständig entsprechen, bleiben die übrigen Teile in ihrem Inhalt und ihre Gültigkeit davon unberührt. </p>
<div>
<div>
<h1>Nutzungsbedingungen für Bilder</h1>
</div>
<h1>Bitte nehmen Sie folgende Hinweise zur Kenntnis:</h1>
<ul>
<li>Aus rechtlichen Gründen müssen wir Sie darauf hinweisen, dass jedwede Nutzung der Bilder für redaktionelle Zwecke durch Personen, Organisationen und andere Vereinigungen außerhalb der SPD generell der vorherigen Genehmigung des SPD-Parteivorstands bedarf.</li>
<li>Im Falle einer erfolgten Zustimmung durch den SPD-Parteivorstand bitten wir Sie, bei Nutzung der Bilder als Quelle die SPD oder den SPD-Parteivorstand anzugeben.</li>
<li>Die Bearbeitung der Bilder darf nur im Rahmen der normalen Bildbearbeitung (Ausschnitte, Farbkorrekturen, technische Qualitätsverbesserung) vorgenommen werden. Jede Tendenz fremder Verwendung und Verfälschung von Text und Bild sowie Verwendung, die zur Herabwürdigung von Personen und Inhalten führt, ist unzulässig.</li>
<li>Ein Weiterverkauf des Bildmaterials an Dritte ist ausnahmslos untersagt.</li>
<li>Falls Sie Probleme beim Betrachten der Bilder in Ihrem Browser haben sollten (<acronym>z.B.</acronym> Fehlermeldungen zum Zustand der Bilddatei), bitten wir Sie, die Datei direkt auf die Festplatte Ihres Computers zu speichern. Dazu einfach mit der Maus zur Bezeichnung &#8222;Download&#8220; unter das gewünschte Bild gehen. Dann die rechte Maustaste klicken und mit &#8222;Speichern unter&#8220; die Datei herunterladen.</li>
</ul>
<p>Bei weiteren Fragen zur Bildernutzung wenden Sie sich bitte an mail[<acronym>at</acronym>]spd-trier-land.de</p>
</div>

<p>Wenn Sie Kontakt zum SPD-Parteivorstand aufnehmen wollen, wenden Sie sich bitte telefonisch an das Bürgerbüro des SPD-Parteivorstandes unter Telefon: 030-25991-0 oder schreiben Sie an: SPD Parteivorstand Bürgerbüro Willy-Brandt-Haus Wilhelmstraße 141 10963 Berlin Impressum Dieses Internetangebot wird unterhalten von &nbsp; SPD Gemeindeverband Trier-Land vertreten durch den Vorsitzenden Dominik Matter Im Gemeindeberg 20, 54309 Newel Telefon: Trier / [&hellip;]</p>
