{"id":2,"date":"2014-01-26T13:27:48","date_gmt":"2014-01-26T13:27:48","guid":{"rendered":"http:\/\/localhost\/spdtl\/wordpress\/?page_id=2"},"modified":"2026-02-25T22:56:15","modified_gmt":"2026-02-25T21:56:15","slug":"beispiel-seite","status":"publish","type":"page","link":"https:\/\/www.spd-trier-land.de\/?page_id=2","title":{"rendered":"Der SPD-Gemeindeverband Trier-Land"},"content":{"rendered":"<div id=\"content\">\n<div id=\"c15\">\n<div>\n<h4 style=\"text-align: left;\"><strong><em>Was ist das, dieser &#8222;Gemeindeverband&#8220;?<\/em><\/strong><\/h4>\n<\/div>\n<p>Die SPD organisiert sich \u00fcberall in Ortsvereinen. Diese sind meist, nicht immer, einer Gemeinde zugeordnet. Die Ortsvereine schlie\u00dfen sich auf der Ebene der Verbandsgemeinden zu Arbeitsgemeinschaften zusammen. Auf Kreisebene gibt es einen Unterbezirk, dar\u00fcber einen Regionalverband und einen Landesverband der SPD und schlie\u00dflich die Bundes-SPD. Weil der Titel der Arbeitsgemeinschaft jedoch sehr lang ist, hei\u00dft unsere Arbeitsgemeinschaft seit 2009: Gemeindeverband Trier-Land.<\/p>\n<\/div>\n<\/div>\n<p>&nbsp;<\/p>\n<h4><strong><em>Wer geh\u00f6rt zum \u201cGemeindeverband\u201d?<\/em><\/strong><\/h4>\n<div id=\"content\">\n<div id=\"c15\">\n<p>Zum SPD-Gemeindeverband Trier-Land geh\u00f6ren 8 Ortsvereine (Newel mit Aach, Igel, Kordel, Langsur, Ralingen, Trierweiler, Welschbillig, Zemmer); sowie die Mitglieder der Gemeinden Franzenheim und Hockweiler, die den Ortsvereinen Pellingen bzw. Gusterath angeh\u00f6ren.<\/p>\n<p>Der Gemeindeverband hat einen engeren Vorstand, der auf einer Mitgliederversammlung gew\u00e4hlt wird. Der derzeitige <strong>Vorsitzende<\/strong> ist <strong>Dominik Matter<\/strong> aus Be\u00dflich, seine <strong>Stellvertreter Dieter M\u00fcller<\/strong> aus Trierweiler und <strong>Dieter Dahm<\/strong> aus Welschbillig. Die anderen Vorstandsmitglieder k\u00f6nnen Sie der Seite \u00fcber den Vorstand entnehmen. Die erweiterten Vorstandssitzungen werden aber immer zusammen mit den Vorsitzenden der Ortsvereine abgehalten. Eingeladen sind dabei auch immer die Mitglieder der SPD-Fraktion im Verbandsgemeinderat Trier-Land.<\/p>\n<p>Der Gemeindeverband befasst sich vornehmlich mit Themen der Politik in der Verbandsgemeinde, begleitet und unterst\u00fctzt die Fraktion der SPD im Verbandsgemeinderat. Aber wir greifen auch \u00fcbergeordnete Themen in Veranstaltungen auf, informieren die B\u00fcrgerinnen und B\u00fcrger (so mit unserer Zeitung \u201cWir in Trier Land\u201d) und helfen Ortsvereinen, wo dies erw\u00fcnscht ist. Die Zusammenarbeit mit den \u00fcbergeordneten Ebenen der Kommunalpolitik und der SPD ist gut &#8211; der Beisitzer Rainer Gierten , ist Mitglied im Kreisvorstand der SPD.<\/p>\n<\/div>\n<\/div>\n","protected":false},"excerpt":{"rendered":"<p>Was ist das, dieser &#8222;Gemeindeverband&#8220;? Die SPD organisiert sich \u00fcberall in Ortsvereinen. Diese sind meist, nicht immer, einer Gemeinde zugeordnet. Die Ortsvereine schlie\u00dfen sich auf der Ebene der Verbandsgemeinden zu Arbeitsgemeinschaften zusammen. Auf Kreisebene gibt es einen Unterbezirk, dar\u00fcber einen Regionalverband und einen Landesverband der SPD und schlie\u00dflich die Bundes-SPD. Weil der Titel der Arbeitsgemeinschaft [&hellip;]<\/p>\n","protected":false},"author":1,"featured_media":0,"parent":0,"menu_order":1,"comment_status":"closed","ping_status":"closed","template":"","meta":{"_mc_calendar":[],"footnotes":""},"class_list":["post-2","page","type-page","status-publish","hentry"],"_links":{"self":[{"href":"https:\/\/www.spd-trier-land.de\/index.php?rest_route=\/wp\/v2\/pages\/2","targetHints":{"allow":["GET"]}}],"collection":[{"href":"https:\/\/www.spd-trier-land.de\/index.php?rest_route=\/wp\/v2\/pages"}],"about":[{"href":"https:\/\/www.spd-trier-land.de\/index.php?rest_route=\/wp\/v2\/types\/page"}],"author":[{"embeddable":true,"href":"https:\/\/www.spd-trier-land.de\/index.php?rest_route=\/wp\/v2\/users\/1"}],"replies":[{"embeddable":true,"href":"https:\/\/www.spd-trier-land.de\/index.php?rest_route=%2Fwp%2Fv2%2Fcomments&post=2"}],"version-history":[{"count":12,"href":"https:\/\/www.spd-trier-land.de\/index.php?rest_route=\/wp\/v2\/pages\/2\/revisions"}],"predecessor-version":[{"id":1639,"href":"https:\/\/www.spd-trier-land.de\/index.php?rest_route=\/wp\/v2\/pages\/2\/revisions\/1639"}],"wp:attachment":[{"href":"https:\/\/www.spd-trier-land.de\/index.php?rest_route=%2Fwp%2Fv2%2Fmedia&parent=2"}],"curies":[{"name":"wp","href":"https:\/\/api.w.org\/{rel}","templated":true}]}}

<div id="content">
<div id="c15">
<div>
<h4 style="text-align: left;"><strong><em>Was ist das, dieser &#8222;Gemeindeverband&#8220;?</em></strong></h4>
</div>
<p>Die SPD organisiert sich überall in Ortsvereinen. Diese sind meist, nicht immer, einer Gemeinde zugeordnet. Die Ortsvereine schließen sich auf der Ebene der Verbandsgemeinden zu Arbeitsgemeinschaften zusammen. Auf Kreisebene gibt es einen Unterbezirk, darüber einen Regionalverband und einen Landesverband der SPD und schließlich die Bundes-SPD. Weil der Titel der Arbeitsgemeinschaft jedoch sehr lang ist, heißt unsere Arbeitsgemeinschaft seit 2009: Gemeindeverband Trier-Land.</p>
</div>
</div>
<p>&nbsp;</p>
<h4><strong><em>Wer gehört zum “Gemeindeverband”?</em></strong></h4>
<div id="content">
<div id="c15">
<p>Zum SPD-Gemeindeverband Trier-Land gehören 8 Ortsvereine (Newel mit Aach, Igel, Kordel, Langsur, Ralingen, Trierweiler, Welschbillig, Zemmer); sowie die Mitglieder der Gemeinden Franzenheim und Hockweiler, die den Ortsvereinen Pellingen bzw. Gusterath angehören.</p>
<p>Der Gemeindeverband hat einen engeren Vorstand, der auf einer Mitgliederversammlung gewählt wird. Der derzeitige <strong>Vorsitzende</strong> ist <strong>Dominik Matter</strong> aus Beßlich, seine <strong>Stellvertreter Dieter Müller</strong> aus Trierweiler und <strong>Dieter Dahm</strong> aus Welschbillig. Die anderen Vorstandsmitglieder können Sie der Seite über den Vorstand entnehmen. Die erweiterten Vorstandssitzungen werden aber immer zusammen mit den Vorsitzenden der Ortsvereine abgehalten. Eingeladen sind dabei auch immer die Mitglieder der SPD-Fraktion im Verbandsgemeinderat Trier-Land.</p>
<p>Der Gemeindeverband befasst sich vornehmlich mit Themen der Politik in der Verbandsgemeinde, begleitet und unterstützt die Fraktion der SPD im Verbandsgemeinderat. Aber wir greifen auch übergeordnete Themen in Veranstaltungen auf, informieren die Bürgerinnen und Bürger (so mit unserer Zeitung “Wir in Trier Land”) und helfen Ortsvereinen, wo dies erwünscht ist. Die Zusammenarbeit mit den übergeordneten Ebenen der Kommunalpolitik und der SPD ist gut &#8211; der Beisitzer Rainer Gierten , ist Mitglied im Kreisvorstand der SPD.</p>
</div>
</div>

<p>Was ist das, dieser &#8222;Gemeindeverband&#8220;? Die SPD organisiert sich überall in Ortsvereinen. Diese sind meist, nicht immer, einer Gemeinde zugeordnet. Die Ortsvereine schließen sich auf der Ebene der Verbandsgemeinden zu Arbeitsgemeinschaften zusammen. Auf Kreisebene gibt es einen Unterbezirk, darüber einen Regionalverband und einen Landesverband der SPD und schließlich die Bundes-SPD. Weil der Titel der Arbeitsgemeinschaft [&hellip;]</p>
