{"id":36,"date":"2014-01-26T21:56:07","date_gmt":"2014-01-26T19:56:07","guid":{"rendered":"http:\/\/localhost\/spdtl\/wordpress\/?page_id=36"},"modified":"2026-03-02T22:10:07","modified_gmt":"2026-03-02T21:10:07","slug":"newel","status":"publish","type":"page","link":"https:\/\/www.spd-trier-land.de\/?page_id=36","title":{"rendered":"SPD Newel"},"content":{"rendered":"<div><span style=\"font-size: 16px;\">Der Ortsverein Newel wurde 1972 gegr\u00fcndet und umfa\u00dft die Gemeinde <\/span>Newel<span style=\"font-size: 16px;\"> (mit den Ortsbezirken Butzweiler, Newel, Be\u00dflich, Lorich) und <\/span>Aach<span style=\"font-size: 16px;\">.<\/span><\/div>\n<p>Neben einem monatlichen Stammtisch, an dem nicht nur unsere 37 Parteimitglieder teilnehmen k\u00f6nnen, findet auch noch ein j\u00e4hrliches Sommerfest statt.<\/p>\n<p>Au\u00dferdem gibt der Ortsverein eine regelm\u00e4\u00dfig erscheinende Zeitung, das <strong>Heimatecho<\/strong>, heraus.<\/p>\n<div id=\"content\">\n<div id=\"c42\">\n<div>\u00a0<\/div>\n<div>Der Vorstand<\/div>\n<div>\u00a0<\/div>\n<div>Vorsitzender:\u00a0 Dominik Matter<br \/>Stv. Vorsitzender: Udo Ungar<br \/>Stv. Vorsitzender: Volker Brunke<br \/>Kassierer: Peter Matter<br \/>Stv. Kassierer: Gunter KohlBeisitzer: Nikolaus Lieser, Hans Cremer, Stefan Bins<\/div>\n<\/div>\n<p><!--\n\n\n\n<hr \/>\n\n--><\/p>\n<\/div>\n\n\n<p><\/p>\n","protected":false},"excerpt":{"rendered":"<p>Der Ortsverein Newel wurde 1972 gegr\u00fcndet und umfa\u00dft die Gemeinde Newel (mit den Ortsbezirken Butzweiler, Newel, Be\u00dflich, Lorich) und Aach. Neben einem monatlichen Stammtisch, an dem nicht nur unsere 37 Parteimitglieder teilnehmen k\u00f6nnen, findet auch noch ein j\u00e4hrliches Sommerfest statt. Au\u00dferdem gibt der Ortsverein eine regelm\u00e4\u00dfig erscheinende Zeitung, das Heimatecho, heraus. \u00a0 Der Vorstand \u00a0 [&hellip;]<\/p>\n","protected":false},"author":1,"featured_media":0,"parent":0,"menu_order":4,"comment_status":"closed","ping_status":"closed","template":"","meta":{"_mc_calendar":[],"footnotes":""},"class_list":["post-36","page","type-page","status-publish","hentry"],"_links":{"self":[{"href":"https:\/\/www.spd-trier-land.de\/index.php?rest_route=\/wp\/v2\/pages\/36","targetHints":{"allow":["GET"]}}],"collection":[{"href":"https:\/\/www.spd-trier-land.de\/index.php?rest_route=\/wp\/v2\/pages"}],"about":[{"href":"https:\/\/www.spd-trier-land.de\/index.php?rest_route=\/wp\/v2\/types\/page"}],"author":[{"embeddable":true,"href":"https:\/\/www.spd-trier-land.de\/index.php?rest_route=\/wp\/v2\/users\/1"}],"replies":[{"embeddable":true,"href":"https:\/\/www.spd-trier-land.de\/index.php?rest_route=%2Fwp%2Fv2%2Fcomments&post=36"}],"version-history":[{"count":14,"href":"https:\/\/www.spd-trier-land.de\/index.php?rest_route=\/wp\/v2\/pages\/36\/revisions"}],"predecessor-version":[{"id":1696,"href":"https:\/\/www.spd-trier-land.de\/index.php?rest_route=\/wp\/v2\/pages\/36\/revisions\/1696"}],"wp:attachment":[{"href":"https:\/\/www.spd-trier-land.de\/index.php?rest_route=%2Fwp%2Fv2%2Fmedia&parent=36"}],"curies":[{"name":"wp","href":"https:\/\/api.w.org\/{rel}","templated":true}]}}

<div><span style="font-size: 16px;">Der Ortsverein Newel wurde 1972 gegründet und umfaßt die Gemeinde </span>Newel<span style="font-size: 16px;"> (mit den Ortsbezirken Butzweiler, Newel, Beßlich, Lorich) und </span>Aach<span style="font-size: 16px;">.</span></div>
<p>Neben einem monatlichen Stammtisch, an dem nicht nur unsere 37 Parteimitglieder teilnehmen können, findet auch noch ein jährliches Sommerfest statt.</p>
<p>Außerdem gibt der Ortsverein eine regelmäßig erscheinende Zeitung, das <strong>Heimatecho</strong>, heraus.</p>
<div id="content">
<div id="c42">
<div> </div>
<div>Der Vorstand</div>
<div> </div>
<div>Vorsitzender:  Dominik Matter<br />Stv. Vorsitzender: Udo Ungar<br />Stv. Vorsitzender: Volker Brunke<br />Kassierer: Peter Matter<br />Stv. Kassierer: Gunter KohlBeisitzer: Nikolaus Lieser, Hans Cremer, Stefan Bins</div>
</div>
<p><!--



<hr />

--></p>
</div>


<p></p>

<p>Der Ortsverein Newel wurde 1972 gegründet und umfaßt die Gemeinde Newel (mit den Ortsbezirken Butzweiler, Newel, Beßlich, Lorich) und Aach. Neben einem monatlichen Stammtisch, an dem nicht nur unsere 37 Parteimitglieder teilnehmen können, findet auch noch ein jährliches Sommerfest statt. Außerdem gibt der Ortsverein eine regelmäßig erscheinende Zeitung, das Heimatecho, heraus.   Der Vorstand   [&hellip;]</p>
