{"id":42,"date":"2014-01-26T21:56:47","date_gmt":"2014-01-26T19:56:47","guid":{"rendered":"http:\/\/localhost\/spdtl\/wordpress\/?page_id=42"},"modified":"2026-02-20T19:33:04","modified_gmt":"2026-02-20T18:33:04","slug":"welschbillig","status":"publish","type":"page","link":"https:\/\/www.spd-trier-land.de\/?page_id=42","title":{"rendered":"SPD Welschbillig &amp; Ortsteile"},"content":{"rendered":"\n<p><\/p>\n\n\n\n<h1 class=\"wp-block-heading has-text-align-center jw-heading-130\">Herzlich Willkommen!<\/h1>\n\n\n<div class=\"wp-block-image\">\n<figure class=\"aligncenter size-full\"><a href=\"http:\/\/www.spd-trier-land.de\/wp-content\/uploads\/2026\/02\/Logo-rot180dpi.png\"><img loading=\"lazy\" decoding=\"async\" width=\"900\" height=\"495\" src=\"http:\/\/www.spd-trier-land.de\/wp-content\/uploads\/2026\/02\/Logo-rot180dpi.png\" alt=\"\" class=\"wp-image-1462\" srcset=\"https:\/\/www.spd-trier-land.de\/wp-content\/uploads\/2026\/02\/Logo-rot180dpi.png 900w, https:\/\/www.spd-trier-land.de\/wp-content\/uploads\/2026\/02\/Logo-rot180dpi-300x165.png 300w, https:\/\/www.spd-trier-land.de\/wp-content\/uploads\/2026\/02\/Logo-rot180dpi-768x422.png 768w\" sizes=\"auto, (max-width: 900px) 100vw, 900px\" \/><\/a><\/figure>\n<\/div>\n\n\n<h3 class=\"wp-block-heading has-text-align-center jw-heading-70\">Wir sind Deine SPD vor Ort f\u00fcr <em>Welschbillig &#8211; Hofweiler &#8211; Ittel &#8211; M\u00f6hn &#8211; Tr\u00e4g<\/em>.<\/h3>\n\n\n\n<h3 class=\"wp-block-heading has-text-align-center jw-heading-70\">Auf unserer Homepage erf\u00e4hrst Du alles zu unseren Ideen und Mitgliedern.<\/h3>\n\n\n\n<h3 class=\"wp-block-heading has-text-align-center jw-heading-70\">Schau gerne mal rein!<\/h3>\n","protected":false},"excerpt":{"rendered":"<p>Herzlich Willkommen! Wir sind Deine SPD vor Ort f\u00fcr Welschbillig &#8211; Hofweiler &#8211; Ittel &#8211; M\u00f6hn &#8211; Tr\u00e4g. Auf unserer Homepage erf\u00e4hrst Du alles zu unseren Ideen und Mitgliedern. Schau gerne mal rein!<\/p>\n","protected":false},"author":1,"featured_media":0,"parent":0,"menu_order":7,"comment_status":"closed","ping_status":"closed","template":"","meta":{"_mc_calendar":[],"footnotes":""},"class_list":["post-42","page","type-page","status-publish","hentry"],"_links":{"self":[{"href":"https:\/\/www.spd-trier-land.de\/index.php?rest_route=\/wp\/v2\/pages\/42","targetHints":{"allow":["GET"]}}],"collection":[{"href":"https:\/\/www.spd-trier-land.de\/index.php?rest_route=\/wp\/v2\/pages"}],"about":[{"href":"https:\/\/www.spd-trier-land.de\/index.php?rest_route=\/wp\/v2\/types\/page"}],"author":[{"embeddable":true,"href":"https:\/\/www.spd-trier-land.de\/index.php?rest_route=\/wp\/v2\/users\/1"}],"replies":[{"embeddable":true,"href":"https:\/\/www.spd-trier-land.de\/index.php?rest_route=%2Fwp%2Fv2%2Fcomments&post=42"}],"version-history":[{"count":19,"href":"https:\/\/www.spd-trier-land.de\/index.php?rest_route=\/wp\/v2\/pages\/42\/revisions"}],"predecessor-version":[{"id":1465,"href":"https:\/\/www.spd-trier-land.de\/index.php?rest_route=\/wp\/v2\/pages\/42\/revisions\/1465"}],"wp:attachment":[{"href":"https:\/\/www.spd-trier-land.de\/index.php?rest_route=%2Fwp%2Fv2%2Fmedia&parent=42"}],"curies":[{"name":"wp","href":"https:\/\/api.w.org\/{rel}","templated":true}]}}

<p></p>



<h1 class="wp-block-heading has-text-align-center jw-heading-130">Herzlich Willkommen!</h1>


<div class="wp-block-image">
<figure class="aligncenter size-full"><a href="http://www.spd-trier-land.de/wp-content/uploads/2026/02/Logo-rot180dpi.png"><img loading="lazy" decoding="async" width="900" height="495" src="http://www.spd-trier-land.de/wp-content/uploads/2026/02/Logo-rot180dpi.png" alt="" class="wp-image-1462" srcset="https://www.spd-trier-land.de/wp-content/uploads/2026/02/Logo-rot180dpi.png 900w, https://www.spd-trier-land.de/wp-content/uploads/2026/02/Logo-rot180dpi-300x165.png 300w, https://www.spd-trier-land.de/wp-content/uploads/2026/02/Logo-rot180dpi-768x422.png 768w" sizes="auto, (max-width: 900px) 100vw, 900px" /></a></figure>
</div>


<h3 class="wp-block-heading has-text-align-center jw-heading-70">Wir sind Deine SPD vor Ort für <em>Welschbillig &#8211; Hofweiler &#8211; Ittel &#8211; Möhn &#8211; Träg</em>.</h3>



<h3 class="wp-block-heading has-text-align-center jw-heading-70">Auf unserer Homepage erfährst Du alles zu unseren Ideen und Mitgliedern.</h3>



<h3 class="wp-block-heading has-text-align-center jw-heading-70">Schau gerne mal rein!</h3>

<p>Herzlich Willkommen! Wir sind Deine SPD vor Ort für Welschbillig &#8211; Hofweiler &#8211; Ittel &#8211; Möhn &#8211; Träg. Auf unserer Homepage erfährst Du alles zu unseren Ideen und Mitgliedern. Schau gerne mal rein!</p>
